z(u) = -8*u**3 - 9*u**2 - 12*u + 75. Determine z(-5).
910
Let c(v) = 2996*v**2 - 18241*v + 1586. What is c(6)?
-4
Let s(y) = y**3 + 881*y**2 - 21603*y - 2805. Give s(24).
3
Let w(l) = -3*l**3 - 22*l**2 - 354*l - 4003. Determine w(-11).
1222
Let w(i) = -3*i**2 - 613*i + 4533. What is w(-212)?
-343
Let d(u) = -u**3 + 316*u**2 + 28874*u - 5498. Give d(390).
-38
Let h(g) = 24*g - 3395. Give h(159).
421
Let y(x) = 3*x**3 + 765*x**2 - 3906*x - 1571. Give y(-260).
-11
Let h(l) = l**2 - 377*l - 2575. Determine h(0).
-2575
Let j(g) = 13922*g - 152837. Give j(11).
305
Let c(b) = -142*b**3 + 21*b**2 - 7*b - 20. Calculate c(-2).
1214
Let n(v) = 1912*v**2 + 3707*v - 17. What is n(-2)?
217
Let v(t) = -2464*t - 27154. Calculate v(-11).
-50
Let s(u) = -173*u + 17031. What is s(102)?
-615
Let u(i) = 16132*i - 5565568. Calculate u(345).
-28
Let a(b) = 284663*b + 4269944. Calculate a(-15).
-1
Let t(u) = u**3 + 415*u**2 - 427*u - 4423. Determine t(-416).
153
Let r(w) = -36*w**2 + 80*w - 247. Give r(3).
-331
Let y(l) = -730*l - 403916. Calculate y(-553).
-226
Let x(p) = 4*p**2 + 118*p + 83. Calculate x(-41).
1969
Let o(n) = -2*n**3 + 101*n**2 - 1213*n - 60. Calculate o(31).
-184
Let s(j) = -j**3 + 19*j**2 + 3*j + 1528. Give s(22).
142
Let u(o) = -o**3 + 60*o**2 - 70*o + 760. Give u(59).
111
Let z(k) = -58*k + 8975. Calculate z(148).
391
Let z(t) = -27*t**3 + 59354*t**2 - 17606*t + 48358. Give z(2198).
2
Let h(q) = q**2 - 667*q - 35180. Determine h(-49).
-96
Let z(m) = -68*m**3 + 1044*m**2 - 2519*m + 1. Give z(3).
4
Let a(t) = t**3 + 81*t**2 - 332*t + 727. What is a(-85)?
47
Let g(h) = 12*h**2 + 117*h + 1058. What is g(-6)?
788
Let i(t) = -7*t**2 + 535*t + 2519. Calculate i(81).
-73
Let u(v) = -369*v**2 + 32*v + 65. What is u(-2)?
-1475
Let q(r) = -10095*r + 9741673. What is q(965)?
-2
Let q(i) = 244*i - 11251. Give q(45).
-271
Let w(h) = 864*h + 2228. What is w(-3)?
-364
Let g(f) = 319*f - 59584. Give g(186).
-250
Let i(t) = 326*t - 10976. Determine i(33).
-218
Let p(u) = -107*u - 1463. Calculate p(-18).
463
Let o(a) = 6*a**2 + 410*a - 2994. What is o(-75)?
6
Let i(t) = t**3 - 246*t**2 + 2109*t + 5694. What is i(237)?
6
Let y(w) = 6*w**3 + 2026*w - 257. What is y(0)?
-257
Let q(a) = a**2 + 66*a - 74. Calculate q(-74).
518
Let f(r) = -34*r**2 - 1633*r + 104. What is f(-48)?
152
Let y(f) = f**3 + 1130*f**2 - 286047*f + 16113. What is y(-1343)?
-3
Let h(y) = -789*y + 3447. Give h(4).
291
Let n(w) = -18*w - 3540. Give n(-224).
492
Let f(i) = -31*i**2 - 225*i + 208. What is f(-8)?
24
Let u(l) = -l**2 - 87*l + 824. Give u(9).
-40
Let y(a) = -a**3 - 16*a**2 - 382*a - 5696. Determine y(-16).
416
Let a(j) = -j**2 - 11368*j + 14820378. Give a(1181).
9
Let x(r) = -8*r**3 + 296*r**2 + 1347*r + 204. Determine x(41).
1639
Let i(b) = -13*b**2 + 813*b + 10652. Calculate i(-11).
136
Let z(f) = f**2 - 9461*f + 56745. What is z(6)?
15
Let g(i) = i**3 - 17*i**2 + 5*i + 88. What is g(16)?
-88
Let n(t) = t**3 + 382*t**2 - 4*t - 1562. Give n(-382).
-34
Let m(l) = -813*l + 77961. Give m(96).
-87
Let d(z) = -3*z**2 + 32*z - 284. Give d(32).
-2332
Let q(l) = -7*l**3 + 404*l**2 + 92*l + 1370. Determine q(58).
-22
Let r(o) = 12204*o + 73307. Determine r(-6).
83
Let x(r) = -r**3 - 17*r**2 - 14*r - 292. Give x(-16).
-324
Let s(n) = -176*n + 160. Determine s(-6).
1216
Let t(p) = -10*p**3 - 43*p**2 + 36*p + 116. Give t(-5).
111
Let w(b) = 1590*b - 5153. Calculate w(4).
1207
Let u(k) = k**3 + 23*k**2 - 491*k - 10931. Calculate u(-20).
89
Let y(h) = 1828*h - 131329. Calculate y(71).
-1541
Let m(l) = -l**2 - 13028*l - 597174. Determine m(-46).
-2
Let t(g) = -2100*g + 17754. Calculate t(6).
5154
Let l(t) = -10*t + 787. What is l(68)?
107
Let y(j) = 2*j**3 - 169*j**2 - 58*j - 2417. Give y(85).
-122
Let n(q) = q**3 - 31*q**2 + 151*q + 361. Determine n(29).
3058
Let k(l) = 2004*l + 165663. Calculate k(-83).
-669
Let t(g) = -376*g**2 - 239*g + 483. What is t(2)?
-1499
Let m(o) = 42*o**2 - 236*o + 154. What is m(5)?
24
Let q(a) = -127*a + 28332. Determine q(215).
1027
Let f(a) = 134*a - 2941. Give f(28).
811
Let b(g) = 17448*g - 1116533. Calculate b(64).
139
Let y(d) = -13316*d - 7230556. Calculate y(-543).
32
Let j(r) = 691*r + 7093. Give j(-7).
2256
Let v(f) = 717*f - 169139. Determine v(236).
73
Let g(s) = -112*s**2 + 297*s + 18. Determine g(6).
-2232
Let i(z) = -4*z**3 + 190*z**2 - 51*z + 114. Calculate i(47).
2135
Let k(g) = -630*g**3 - g**2 - 7*g + 7. What is k(1)?
-631
Let q(n) = 231884*n - 1623188. Calculate q(7).
0
Let d(o) = 128*o**2 - 116*o + 44. Determine d(1).
56
Let z(f) = 5*f**3 - 888*f**2 - 2116*f - 7912. Give z(180).
8
Let k(j) = -30*j**3 + 870*j**2 - 56*j + 1662. Calculate k(29).
38
Let r(g) = 22*g**2 + 240*g - 1498. Calculate r(6).
734
Let j(h) = 51*h - 7903. Give j(166).
563
Let g(l) = -7274*l - 80007. What is g(-11)?
7
Let g(m) = 2*m**3 + 44*m**2 - 5179*m - 59625. Give g(-11).
6
Let u(g) = 6*g**3 + 160*g**2 + 102*g - 45. Determine u(-26).
7
Let l(o) = -29298*o + 2255773. What is l(77)?
-173
Let n(r) = 232*r - 7746. What is n(44)?
2462
Let u(z) = -228582*z + 1142780. What is u(5)?
-130
Let u(r) = -103*r - 20940. What is u(-202)?
-134
Let z(a) = -1645*a + 13741. Determine z(8).
581
Let d(o) = -2*o**2 + 8116*o - 40524. Determine d(5).
6
Let n(m) = 8*m**3 - 10*m**2 + 26*m + 22. What is n(-3)?
-362
Let g(m) = 104823*m - 1572378. Determine g(15).
-33
Let h(p) = 193*p - 35946. Calculate h(194).
1496
Let c(m) = -m**2 + 83*m - 1171. What is c(20)?
89
Let x(q) = 840*q**2 - 734*q + 7. Give x(1).
113
Let x(m) = -67*m**2 + 875*m + 875. What is x(-1)?
-67
Let f(i) = 538*i**2 + 3211*i - 68. Calculate f(-6).
34
Let r(m) = 6*m**2 + 11242*m - 56354. Give r(5).
6
Let d(y) = 238*y**2 - 1149*y - 232. What is d(5)?
-27
Let x(s) = 6963022*s + 6963022. What is x(-1)?
0
Let v(l) = l**3 + 68*l**2 + 794*l + 528. Give v(-14).
-4
Let y(g) = -g**3 + 57*g**2 + 2*g - 409. Give y(57).
-295
Let r(o) = 102015*o + 98. Determine r(0).
98
Let v(n) = 8*n**2 + 67*n - 4727. Determine v(-29).
58
Let v(k) = 321*k - 6094. Calculate v(19).
5
Let x(v) = 3*v**2 - 133*v + 151. Give x(39).
-473
Let f(v) = 72*v**2 - 7347*v + 150. Give f(102).
-156
Let s(j) = -49*j**2 - 1029*j - 4102. Calculate s(-4).
-770
Let b(i) = -28584*i**2 - 57161*i + 9. Give b(-2).
-5
Let r(k) = 96*k + 4388. What is r(-50)?
-412
Let p(d) = d**3 - 412*d**2 + 6279*d + 22566. Calculate p(396).
-6
Let h(u) = -6*u**2 + 409*u + 7870. Calculate h(-15).
385
Let t(j) = 9*j**2 - 65*j - 380. Give t(11).
-6
Let n(c) = 4471*c - 103463. Give n(23).
-630
Let a(z) = 10*z**2 - 4712*z + 946. Determine a(471).
4
Let b(y) = -4*y**2 + 1278*y - 8747. What is b(7)?
3
Let x(f) = f**3 - 7669*f**2 - 61461*f - 359. What is x(-8)?
1
Let w(a) = 2599*a + 46762. What is w(-18)?
-20
Let z(w) = w**2 + 1696883*w + 6787510. Determine z(-4).
-6
Let b(z) = -18744*z - 431100. What is b(-23)?
12
Let d(j) = 4*j**2 + 489*j - 7098. Determine d(-136).
382
Let h(c) = -2*c**2 - 6272*c - 229263. What is h(-37)?
63
Let u(i) = -44*i**3 - 4*i**2 + 42*i - 36. Calculate u(1).
-42
Let k(v) = 9501*v + 8655414. What is k(-911)?
3
Let v(g) = -g**3 - 184*g**2 + 492*g + 90524. What is v(-184)?
-4
Let d(n) = n**3 + 145*n**2 + 2128*n + 8251. Give d(-129).
-5
Let n(p) = 62639*p + 2630823. Determine n(-42).
-15
Let c(s) = 680*s + 257043. Calculate c(-378).
3
Let h(l) = -523*l + 9312. Determine h(17).
421
Let y(f) = 9813*f + 206103. Give y(-21).
30
Let q(z) = -136787*z - 26263108. Determine q(-192).
-4
Let q(a) = -a**2 - 583*a - 54864. What is q(-118)?
6
Let r(t) = t**3 + 60*t**2 - 20*t - 13807. Calculate r(-56).
-143
Let b(y) = 432*y - 800. Give b(2).
64
Let q(c) = 37*c**2 - 5477*c - 1339. Give q(148).
-1487
Let z(d) = -187*d - 2718. What is z(-19)?
835
Let z(x) = -327*x - 7973. Determine z(-26).
529
Let y(l) = 2805*l - 31522. Give y(11).
-667
Let f(z) = -12*z**3 - 167*z**2 + 13*z - 26. Determine f(-14).
-12
Let w(x) = 25*x**2 + 414*x + 31. What is w(-16)?
-193
Let u(q) = 2*q**3 + 112*q**2 - 104*q + 297. What is u(-57)?
-273
Let v(t) = -t**2 - 37*t + 7080. Give v(-103).
282
Let q(r) = 449*r - 44. Determine q(-2).
-942
Let g(p) = -398*p**2 - 15155*p - 1162. Determine g(-38).
16
Let s(r) = 15*r**2 - 4478*r - 26871. Give s(-6).
537
Let p(l) = l**3 + 69*l**2 + 1183*l + 2798. Determine p(-43).
3
Let p(j) = 6*j**3 - 869*